, what is 1 - -826?
827
In base 5, what is 3 + -330?
-322
In base 16, what is ed - -4?
f1
In base 4, what is 20 - 1333?
-1313
In base 15, what is -5 + -9b0?
-9b5
In base 10, what is 18 - 17?
1
In base 10, what is 7 + 15?
22
In base 13, what is -3 - 62?
-65
In base 12, what is -2 + 75?
73
In base 13, what is -1 + -105?
-106
In base 2, what is -11101110 - 101?
-11110011
In base 3, what is 12001 + 11?
12012
In base 12, what is 2 + 74?
76
In base 2, what is 11100101101101 - 0?
11100101101101
In base 3, what is -2011 + 0?
-2011
In base 11, what is 1253 - -2?
1255
In base 12, what is -1 + -216?
-217
In base 14, what is -253 - b?
-260
In base 13, what is 5 - -3c?
44
In base 11, what is 53 + -8?
46
In base 11, what is -367 - 6?
-372
In base 14, what is -5 - -8d?
88
In base 3, what is -1 - 20?
-21
In base 7, what is -424 + -22?
-446
In base 7, what is 351 + -1?
350
In base 8, what is -526 - -3?
-523
In base 16, what is -2 + 21?
1f
In base 16, what is 44 + -17b?
-137
In base 8, what is 40 - -5?
45
In base 13, what is -3 + 177b?
1778
In base 2, what is -110011 - 110010?
-1100101
In base 10, what is 1 + -349?
-348
In base 14, what is -7 - -2d?
26
In base 8, what is 12 + -16?
-4
In base 10, what is -15 + -1?
-16
In base 9, what is 11 - -322?
333
In base 3, what is 121122 + 2?
121201
In base 5, what is -2 + 1234?
1232
In base 16, what is -ac + 5?
-a7
In base 7, what is -16 - -6?
-10
In base 8, what is 1 + 7?
10
In base 7, what is 1132 - 3?
1126
In base 4, what is -110011 + 2?
-110003
In base 12, what is 2 - 40?
-3a
In base 14, what is 296 - 2?
294
In base 2, what is 10001000111 - 10?
10001000101
In base 14, what is -5 + 16a9?
16a4
In base 2, what is 1100 + 1011101?
1101001
In base 10, what is 471 - 3?
468
In base 6, what is 0 + -1503?
-1503
In base 4, what is 13 - 10310?
-10231
In base 10, what is 41 - 13?
28
In base 14, what is -4a + -14d?
-199
In base 12, what is 0 + b7?
b7
In base 15, what is 6d00 - -2?
6d02
In base 2, what is 1011 + -1111?
-100
In base 2, what is -11100001110 + 101?
-11100001001
In base 4, what is 22132 + -1?
22131
In base 2, what is -100001010011 + 100?
-100001001111
In base 10, what is -3 + 3619?
3616
In base 12, what is -4a5 - -2?
-4a3
In base 5, what is -21 - -1030?
1004
In base 3, what is 1011 - -1?
1012
In base 9, what is -76 + -3?
-80
In base 11, what is 2 + -11?
-a
In base 13, what is -59 + 45?
-14
In base 14, what is -49 + -6?
-51
In base 8, what is -10 - -47?
37
In base 9, what is -8 - 320?
-328
In base 9, what is 275 - 22?
253
In base 2, what is -100000001101 + 11?
-100000001010
In base 14, what is -3b20 + 2?
-3b1c
In base 3, what is -211000002 - 0?
-211000002
In base 10, what is 2 - -68?
70
In base 11, what is -6a + 3?
-67
In base 6, what is 4 - -3454?
3502
In base 7, what is -11 + -65?
-106
In base 14, what is -86 - -7?
-7d
In base 13, what is 31 + -3?
2b
In base 12, what is -a5a6 - 0?
-a5a6
In base 11, what is 0 + -170?
-170
In base 7, what is 0 - -55?
55
In base 2, what is 11010100 + -1?
11010011
In base 11, what is -7 - -38?
31
In base 3, what is -2 + 10111?
10102
In base 5, what is 1 - -3010?
3011
In base 3, what is 100 + 201220?
202020
In base 7, what is -1032 + 5?
-1024
In base 8, what is 6732 - 1?
6731
In base 9, what is -4 + -168?
-173
In base 14, what is 3 - 3ac?
-3a9
In base 11, what is -7 - -37?
30
In base 16, what is 175 - -5?
17a
In base 5, what is 24404 - -4?
24413
In base 10, what is 14 + 134?
148
In base 7, what is -5 - 346?
-354
In base 4, what is -3 + -1210?
-1213
In base 2, what is -100 + -101?
-1001
In base 12, what is b + 22?
31
In base 5, what is 143 + 12?
210
In base 14, what is 247 - -1?
248
In base 12, what is -2a7 - 12?
-2b9
In base 8, what is -7307 + 1?
-7306
In base 5, what is 20 - -121?
141
In base 8, what is 2 - -176?
200
In base 13, what is -985 + 4?
-981
In base 16, what is -b - -4?
-7
In base 10, what is 5 + 16?
21
In base 5, what is -10343 + 10?
-10333
In base 7, what is 4 - -1624?
1631
In base 9, what is 244 - 5?
238
In base 9, what is -77 + 4?
-73
In base 2, what is -11 + 10010110011?
10010110000
In base 2, what is 10110 - -11110?
110100
In base 15, what is -4 + -12e4?
-12e8
In base 10, what is -19 + -26?
-45
In base 5, what is 1 + 103040?
103041
In base 7, what is 35350 - 0?
35350
In base 16, what is c + -17?
-b
In base 15, what is -5 - -d?
8
In base 6, what is -1 - 45?
-50
In base 7, what is -321 + 4?
-314
In base 10, what is 6 - -22?
28
In base 4, what is -103 - 113?
-222
In base 12, what is -a5 + 2?
-a3
In base 10, what is 6273 + -5?
6268
In base 9, what is 368 + -3?
365
In base 8, what is 774 + 5?
1001
In base 8, what is -60 + 112?
32
In base 4, what is -10101 + -11?
-10112
In base 9, what is -3 + -705?
-708
In base 8, what is -10261 + 1?
-10260
In base 3, what is 1011 + -11?
1000
In base 7, what is 13 - 53?
-40
In base 2, what is 10 - 110001?
-101111
In base 13, what is -40b2 - -2?
-40b0
In base 10, what is 870 + -20?
850
In base 13, what is a + -669?
-65c
In base 16, what is -2 - 202?
-204
In base 16, what is 7a4 - 1?
7a3
In base 3, what is -20210 - -10?
-20200
In base 2, what is 100 + -10110100000?
-10110011100
In base 14, what is 5 - b0?
-a9
In base 8, what is -4 - -556?
552
In base 13, what is 5 + 46?
4b
In base 8, what is 2 + 1007?
1011
In base 15, what is b + dc?
e8
In base 5, what is -2333 + -4?
-2342
In base 12, what is 2 - 2a?
-28
In base 3, what is 10110 + 1?
10111
In base 4, what is -12132 + 1?
-12131
In base 16, what is 2470 + -4?
246c
In base 8, what is -11667 - 0?
-11667
In base 3, what is -1110 + -21?
-1201
In base 10, what is 12 - -5?
17
In base 5, what is -11023 + 4?
-11014
In base 3, what is 1001210 - 10?
1001200
In base 14, what is 4c - b?
41
In base 11, what is 2 + 307?
309
In base 9, what is 4 - 40?
-35
In base 2, what is -1100 - -1110?
10
In base 16, what is f - 21?
-12
In base 9, what is 0 + -146?
-146
In base 2, what is 1010 + 1000011?
1001101
In base 6, what is -2 - -13210?
13204
In base 14, what is -10c1 - -5?
-10ba
In base 13, what is 2 + 3?
5
In base 8, what is -147 + 12?
-135
In base 13, what is -18 + -18?
-33
In base 12, what is -3 + 48?
45
In base 4, what is -12112 + -10?
-12122
In base 7, what is 4 + -44?
-40
In base 13, what is 99 - 3?
96
In base 6, what is -13 - -2?
-11
In base 11, what is -283 - 12?
-295
In base 12, what is -a3 + -3?
-a6
In base 14, what is -88 + 3?
-85
In base 10, what is -2 + -98?
-100
In base 11, what is -1a + -7?
-26
In base 10, what is 119 + -1?
118
In base 12, what is -3 + -1846?
-1849
In base 3, what is 0 - 1200011?
-1200011
In base 2, what is -10 + -10?
-100
In base 8, what is -162 - 4?
-166
In base 12, what is 53 - -16?
69
In base 4, what is -11 - -123?
112
In base 12, what is -2ba + 3?
-2b7
In base 15, what is -6c - -a?
-62
In base 5, what is 1 - 434?
-433
In base 6, what is 5 - 150?
-141
In base 8, what is 2372 - -15?
2407
In base 11, what is -3 - -a56?
a53
In base 11, what is -2441 + -1?
-2442
In base 13, what is -1 + -212?
-213
In base 8, what is 3576 - -4?
3602
In base 14, what is 3 - 1b2?
-1ad
In base 13, what is -4c + -14?
-63
In base 6, what is -1 - -112?
111
In base 7, what is 242 + 133?
405
In base 9, what is 6 - 0?
6
In base 10, what is -1 + 44?
43
In base 7, what is 141 + 33?
204
In base 8, what is -151 - 12?
-163
In base 14, what is 79d - 4?
799
In base 9, what is 517 + 5?
523
In base 12, what is -2 + 5?
3
In base 7, what is 13230 + 4?
13234
In base 3, what is -20011 + 10?
-20001
In base 5, what is -444111 + -3?
-444114
In base 5, what is -2144 - 10?
-2204
In base 9, what is 7 + 7?
15
In base 12, what is 3 + -31?
-2a
In base 4, what is 1 + 122?
123
In base 5, what is -2310 - 201?
-3011
In base 13, what is -2 + -30?
-32
In base 4, what is 303 + -101?
202
In base 14, what is 806 + 3?
809
In base 3, what is -1020 - -1222?
202
In base 12, what is 190 + -1?
18b
In base 13, what is -7 - -a?
3
In base 16, what is 5 + 4de?
4e3
In base 4, what is 10 + -122?
-112
In base 13, what is -20b5 - 4?
-20b9
In base 16, what is 1a + -204?
-1ea
In base 9, what is 5 - -4?
10
In base 8, what is -1425 - -1?
-1424
In base 6, what is 250 + -5?
241
In base 13, what is 1 + 26?
27
In base 16, what is -18 - a?
-22
In base 11, what is -1 + 527?
526
In base 3, what is 10 + -20222022?
-20222012
In base 13, what is 3 - -32?
35
In base 13